{"id":12,"date":"2020-08-10T17:06:51","date_gmt":"2020-08-10T17:06:51","guid":{"rendered":"http:\/\/www.lionstyrnava.fi\/lionstyrnava2\/?page_id=12"},"modified":"2024-11-25T20:58:31","modified_gmt":"2024-11-25T17:58:31","slug":"the-new-umoma-opens-its-doors-2","status":"publish","type":"page","link":"https:\/\/lionstyrnava.fi\/lionstyrnava2\/","title":{"rendered":"Etusivu"},"content":{"rendered":"\n<div class=\"wp-block-columns is-layout-flex wp-container-core-columns-is-layout-9d6595d7 wp-block-columns-is-layout-flex\">\n<div class=\"wp-block-column is-layout-flow wp-block-column-is-layout-flow\" style=\"flex-basis:66.66%\">\n<div class=\"wp-block-media-text alignwide is-stacked-on-mobile\" style=\"grid-template-columns:20% auto\"><figure class=\"wp-block-media-text__media\"><img loading=\"lazy\" decoding=\"async\" width=\"167\" height=\"209\" src=\"https:\/\/lionstyrnava.fi\/lionstyrnava2\/wp-content\/uploads\/2020\/08\/monta_tapaa_pieni_2.jpg-167x209-1.jpg\" alt=\"\" class=\"wp-image-325 size-full\"\/><\/figure><div class=\"wp-block-media-text__content\">\n<p class=\"has-text-align-left has-text-color\" style=\"color:#153f82;font-size:25px\">Monta tapaa tehd\u00e4 hyv\u00e4\u00e4!<br>Haluatko mukaan tekem\u00e4\u00e4n hyv\u00e4\u00e4?<br>Haluatko mukaan Lions toimintaan?<br><a href=\"https:\/\/lionstyrnava.fi\/lionstyrnava2\/liity-jaseneksi\/\">Lue lis\u00e4\u00e4 ja ota yhteytt\u00e4!<\/a><\/p>\n<\/div><\/div>\n\n\n\n<div class=\"wp-block-webfactory-map\"><div class=\"wp-block-webfactory-map\"><iframe loading=\"lazy\" title=\"Map\" width=\"100%\" height=\"383px\" src=\"https:\/\/www.google.com\/maps\/embed\/v1\/place?q=tyrn%C3%A4v%C3%A4&amp;maptype=roadmap&amp;zoom=8&amp;key=AIzaSyAVB6z0hEDFigJUDZ_XtA9In5tQ9HakKWE\" frameborder=\"0\"><\/iframe><\/div><\/div>\n<\/div>\n\n\n\n<div class=\"wp-block-column is-layout-flow wp-block-column-is-layout-flow\" style=\"flex-basis:33.33%\">\n<p class=\"has-large-font-size\"><strong><span style=\"text-decoration: underline;\">Ajankohtaista<\/span><\/strong><\/p>\n\n\n<ul class=\"wp-block-latest-posts__list has-dates wp-block-latest-posts\"><li><a class=\"wp-block-latest-posts__post-title\" href=\"https:\/\/lionstyrnava.fi\/lionstyrnava2\/uncategorized\/perunamarkkinat-2025\/\">Perunamarkkinat 2025<\/a><time datetime=\"2025-08-05T15:17:00+03:00\" class=\"wp-block-latest-posts__post-date\">August 5, 2025<\/time><div class=\"wp-block-latest-posts__post-excerpt\">Perunamarkkinat 2025 l\u00e4hestyy. Ajantasaista tietoa markkinoista perunamarkkinat -web sivuilta! https:\/\/www.perunamarkkinat.fi\/ Tervetuloa markkinoille!<\/div><\/li>\n<li><a class=\"wp-block-latest-posts__post-title\" href=\"https:\/\/lionstyrnava.fi\/lionstyrnava2\/perunamarkkinat\/perunamarkkinat-2023\/\">Perunamarkkinat 2023<\/a><time datetime=\"2023-09-14T08:02:04+03:00\" class=\"wp-block-latest-posts__post-date\">September 14, 2023<\/time><div class=\"wp-block-latest-posts__post-excerpt\">Perunamarkkinat 2023 l\u00e4hestyy! Ajantasaista tietoa markkinoista perunamarkkinat -web sivuilta! https:\/\/www.perunamarkkinat.fi\/ Tervetuloa markkinoille!<\/div><\/li>\n<li><a class=\"wp-block-latest-posts__post-title\" href=\"https:\/\/lionstyrnava.fi\/lionstyrnava2\/uncategorized\/kiitos\/\">Kiitos!<\/a><time datetime=\"2022-09-27T10:30:25+03:00\" class=\"wp-block-latest-posts__post-date\">September 27, 2022<\/time><div class=\"wp-block-latest-posts__post-excerpt\">N\u00f6yrimm\u00e4t kiitoksemme kaikille Tyrn\u00e4v\u00e4n Perunamarkkinoille 2022 osallistuneille!Toivomme ett\u00e4 viihdyitte ja j\u00e4rjestelyt toimivat joka suhteessa hyvin.Palautetta (ruusuja ja risuja) markkinoista voi antaa yksityisviestill\u00e4 tai julkisesti FB -sivuillamme.https:\/\/www.facebook.com\/LionsClubTyrnava<\/div><\/li>\n<li><a class=\"wp-block-latest-posts__post-title\" href=\"https:\/\/lionstyrnava.fi\/lionstyrnava2\/perunamarkkinat\/perunamarkkinat-2022-ohjelma\/\">Perunamarkkinat 2022 ohjelma<\/a><time datetime=\"2022-05-23T09:02:53+03:00\" class=\"wp-block-latest-posts__post-date\">May 23, 2022<\/time><div class=\"wp-block-latest-posts__post-excerpt\">Perunamarkkinoiden 2022 ohjelma on julkistettu. K\u00e4y katsomassa perinamarkkinoiden sivuilla ohjelma ja muuta tietoa Tyrn\u00e4v\u00e4n perunamarkkinoista!<\/div><\/li>\n<li><a class=\"wp-block-latest-posts__post-title\" href=\"https:\/\/lionstyrnava.fi\/lionstyrnava2\/perunamarkkinat\/perunamarkkinat-2021-ohjelma\/\">Perunamarkkinat 2021 ohjelma!<\/a><time datetime=\"2021-05-27T18:51:38+03:00\" class=\"wp-block-latest-posts__post-date\">May 27, 2021<\/time><div class=\"wp-block-latest-posts__post-excerpt\">T\u00e4m\u00e4n vuoden perunamarkkinoiden ohjelma on lukkoon ly\u00f6ty ja julkistettu. Klikkaa ja katso mit\u00e4 kaikkea mukavaa ohjelmaa perunamarkkinoilla taas on tarjolla!<\/div><\/li>\n<\/ul><\/div>\n<\/div>\n","protected":false},"excerpt":{"rendered":"<p>Monta tapaa tehd\u00e4 hyv\u00e4\u00e4!Haluatko mukaan tekem\u00e4\u00e4n hyv\u00e4\u00e4?Haluatko mukaan Lions toimintaan?Lue lis\u00e4\u00e4 ja ota yhteytt\u00e4! Ajankohtaista<\/p>\n","protected":false},"author":1,"featured_media":0,"parent":0,"menu_order":0,"comment_status":"closed","ping_status":"closed","template":"templates\/template-full-width.php","meta":{"footnotes":""},"class_list":["post-12","page","type-page","status-publish","hentry"],"_links":{"self":[{"href":"https:\/\/lionstyrnava.fi\/lionstyrnava2\/wp-json\/wp\/v2\/pages\/12","targetHints":{"allow":["GET"]}}],"collection":[{"href":"https:\/\/lionstyrnava.fi\/lionstyrnava2\/wp-json\/wp\/v2\/pages"}],"about":[{"href":"https:\/\/lionstyrnava.fi\/lionstyrnava2\/wp-json\/wp\/v2\/types\/page"}],"author":[{"embeddable":true,"href":"https:\/\/lionstyrnava.fi\/lionstyrnava2\/wp-json\/wp\/v2\/users\/1"}],"replies":[{"embeddable":true,"href":"https:\/\/lionstyrnava.fi\/lionstyrnava2\/wp-json\/wp\/v2\/comments?post=12"}],"version-history":[{"count":101,"href":"https:\/\/lionstyrnava.fi\/lionstyrnava2\/wp-json\/wp\/v2\/pages\/12\/revisions"}],"predecessor-version":[{"id":517,"href":"https:\/\/lionstyrnava.fi\/lionstyrnava2\/wp-json\/wp\/v2\/pages\/12\/revisions\/517"}],"wp:attachment":[{"href":"https:\/\/lionstyrnava.fi\/lionstyrnava2\/wp-json\/wp\/v2\/media?parent=12"}],"curies":[{"name":"wp","href":"https:\/\/api.w.org\/{rel}","templated":true}]}}